e of -8 + 5 - (6 + -6)?
-3
Evaluate 2 + (3 - (0 + 0)).
5
Evaluate 0 + 1 - -2 - (-28 + 28).
3
Evaluate (-12 - 6) + 6 + 0 + 6.
-6
Calculate 1 + -1 - (5 + (-4 - -5)).
-6
Evaluate -5 + (16 - 18) + -3 + 1.
-9
Calculate -19 + 10 - -10 - 8.
-7
What is the value of 1 - -1 - (-6 + (0 - -8))?
0
What is (-2 - (10 + -6)) + 2?
-4
(4 - 4) + -1 + (4 - -2)
5
What is the value of -6 + -2 + 10 + 2 + -2?
2
2 + (0 - 11) + -1 + 5
-5
Calculate 0 - (-1 + 0 - 0) - 3.
-2
Evaluate -4 + 4 + 4 + -7.
-3
What is 5 - (-1 - (-5 + 1))?
2
Evaluate -6 - -5 - (4 - (1 + 1)).
-3
What is -1 + (-4 - (0 - 8 - -7))?
-4
Evaluate -9 + -1 + -1 + 7 + -1.
-5
Evaluate -6 - -1 - (21 - 14 - 7).
-5
Calculate (-2 - -13) + (2 - 1) - 5.
7
What is the value of -66 - -76 - (3 + 3 + -2)?
6
-2 - (0 - (1 + -4) - 7)
2
What is -5 - (-8 - -4) - -6?
5
Calculate 1 - ((-4 - (1 + -1)) + 2).
3
What is -2 - -1 - (2 - (5 + -3))?
-1
What is the value of (-1 - (-2 + 1)) + -5?
-5
What is the value of -2 - -18 - (12 - (-9 - -13))?
8
What is the value of -13 - (-1 - 20) - 2?
6
What is the value of (3 - 11) + 14 + 0 + 0?
6
What is -6 - (3 - (7 + -1))?
-3
What is the value of 4 + (0 - (-1 - -3))?
2
What is the value of -8 - -4 - (5 + (-14 - -5))?
0
What is the value of -4 + -1 - -2 - 1?
-4
3 + -7 + (-3 - -3)
-4
Evaluate -7 - -4 - (3 - (4 + 1)).
-1
Evaluate -1 - 1 - (-5 - (5 - 10)).
-2
Calculate -14 + 0 - 2 - (49 - 57).
-8
Calculate -30 + 28 - (1 - 2).
-1
-8 + 7 + (-1 - 1)
-3
What is (2 - -5) + (-10 - (1 + -6))?
2
Calculate -3 + 0 + -4 + 7.
0
What is the value of (10 - (2 - -15)) + 13?
6
2 + -1 + 5 + 9 + -7
8
Calculate -1 - (-27 - -31 - (2 - 0)).
-3
What is 4 - (9 - (5 + -1))?
-1
Calculate -8 + (7 - 3) + 7 + -6.
-3
Evaluate (5 - (1 - (3 - 5))) + -2.
0
11 + -5 + 2 + -6 + -2
0
2 + -1 + (3 - 2) - -3
5
Calculate (13 - (-8 + 10)) + -20.
-9
What is (8 - 2) + 5 + (-4 - 5)?
2
What is the value of -4 + (3 - 8) + 2 - -2?
-5
What is (-5 - -1) + 9 + -9 - 0?
-4
Evaluate -1 - -1 - 1 - (-11 - -14).
-4
Calculate -4 - ((1 - -5) + -11).
1
1 + -6 + 2 + -1 + 2
-2
What is (0 - (4 - 1)) + 3 - 1?
-1
-5 + (5 + -8 - -20 - 5)
7
What is the value of (-4 + 7 - 9) + (0 - -10)?
4
Calculate -1 + 2 - 2 - -2.
1
What is (-9 - -5 - 7) + 6?
-5
Evaluate 6 - 8 - -8 - 2.
4
What is the value of 5 - (4 + -1 + -2 + 3)?
1
What is the value of 2 + (-1 + 0 - (-18 + 21))?
-2
What is 8 + -4 + (-1 - 2) - -2?
3
What is (-4 - -2) + 6 + (6 - 13)?
-3
What is the value of 7 - (-19 - -25 - (2 + -2))?
1
What is -3 + 2 + 2 + -8?
-7
Calculate (4 - 4) + -6 + 6 - -4.
4
What is the value of (-7 - (-4 - -2)) + 4 - -3?
2
What is the value of -1 + 4 + -1 + (5 - 12)?
-5
Evaluate (3 - (-3 - -4)) + 3 + -1.
4
Evaluate -3 + 0 + -7 + 12 + -10.
-8
What is 4 + -8 + 10 - (-1 - -4)?
3
Calculate -10 + 4 + 7 + (-2 - 0).
-1
What is 0 + 2 - (0 + 1 + -1)?
2
Evaluate -1 + -4 + 8 + (-1 - -2).
4
2 + -2 + 0 + 5
5
Calculate (-1 - 2) + -2 + 3.
-2
Evaluate (6 + -5 - 6) + (1 - 1).
-5
(1 - 9) + -9 + 13 + 3
-1
Calculate -106 + 105 - (1 + -1 - -2).
-3
Evaluate -1 + 8 + 12 + -13.
6
What is -9 + (3 - (-3 - 1)) - -4?
2
2 + -1 - (9 - 5)
-3
What is (-1 - (4 - 4)) + 1 + 3?
3
Evaluate 0 + 4 + -6 + (-4 - -6).
0
Calculate -2 + -2 + 12 + -4 + -6.
-2
What is the value of 1 + -20 + 8 + 11?
0
Evaluate -3 + (-11 - -18 - -1).
5
-5 + (7 - -4 - 7)
-1
Evaluate -9 + 1 - -7 - -2.
1
Calculate -5 + (10 - (11 + -7)).
1
Evaluate 0 - ((0 - 4) + 1).
3
Calculate (-1 - (1 - -1)) + -16 + 14.
-5
What is -4 - -5 - 4 - -5?
2
What is the value of -4 - ((-4 - -4) + (-5 - -1))?
0
What is 6 - (3 - (-1 - -3 - 0))?
5
What is 2 + 9 + -5 + -9?
-3
4 - 4 - (-7 + 2 + 2)
3
8 + (-8 - 5) - 2
-7
Calculate -8 + 9 + 2 + -4.
-1
7 + 7 + (7 - 15) + 3
9
What is the value of -1 + 3 + -2 + -25 + 28?
3
What is 5 - (-2 - -10 - 4)?
1
Evaluate (-17 - -21) + 1 + (-1 - 0).
4
Evaluate 10 - (3 + 3) - (0 + 4).
0
0 - -3 - ((-15 - -6) + 9)
3
Calculate -4 - 2 - -2 - -7.
3
What is the value of -4 + (-1 - (-4 + -1))?
0
7 + -8 - 2 - 0
-3
(-20 - -11 - -1) + 0
-8
Calculate -4 + (-4 - (-1 - 3)) - -1.
-3
What is the value of 3 + -2 + 0 + 0?
1
Evaluate 2 + 4 + (4 - 5) + -2.
3
Evaluate (11 - 4 - 0) + -7.
0
Calculate (3 - (3 + 4 - 6)) + 2.
4
(1 - 0) + -3 + (11 - 5)
4
Evaluate 6 - (0 + (-1 - -4)).
3
What is 4 + -6 - -1 - 3 - -7?
3
What is (-5 - -7) + 2 + -3 + 1?
2
Calculate -5 + 3 - (-7 - -11).
-6
What is 1 - (5 - 5 - (-2 - -2))?
1
What is -9 - (-12 - -10 - 5)?
-2
What is -116 + 114 - (7 + 0)?
-9
Evaluate 9 + -15 + 23 - 8.
9
Evaluate 2 - 1 - (-83 - -92).
-8
Calculate 1 + 1 + -1 - (-82 - -78).
5
What is the value of (1 - (-8 + (5 - -1))) + 3?
6
Evaluate -3 - (6 + -2) - -7.
0
6 + -12 - -7 - (4 + 1)
-4
-3 - (-1 + -3 - -1) - -1
1
What is 3 + 3 + -9 + (23 - 18)?
2
What is the value of (-40 - -35) + (-3 - 1)?
-9
Evaluate 4 + (8 - 5 - 13) + 2.
-4
What is the value of -14 + 18 - (-2 + 2) - 12?
-8
Evaluate 4 - (8 - 1) - (-12 + 6).
3
What is -1 + (8 - 5) + 0 + -1?
1
What is the value of (-4 - -8) + -1 - 1?
2
What is 7 - (-3 + (-7 - -1) + 16)?
0
Calculate 4 + (-5 - -5 - 5).
-1
(-1 - -6) + 6 + -10
1
What is 10 + 6 + -8 + -9?
-1
What is -2 - -2 - (-2 + 7 + -2)?
-3
Calculate (-4 - -6 - 2) + -1 - -5.
4
What is -1 + 0 + 6 + -2 + -4?
-1
What is the value of (-3 + 0 - -6) + -1 + -1?
1
3 + -3 + 4 + (0 - 0)
4
Calculate 2 - (3 - 3 - -8).
-6
What is the value of 9 - (-1 - 2 - -8)?
4
What is the value of -20 + 5 + (5 - -2)?
-8
What is 5 - (7 + -9) - 2?
5
Evaluate (5 - 10) + (3 - (-3 + -2)).
3
Calculate 0 + 4 + (2 - 11) + 5.
0
What is 12 - (-2 + 3 - -13)?
-2
Calculate -13 + -9 + 13 + 5.
-4
What is the value of (-1 - 10 - 9) + 11?
-9
What is the value of -1 + -3 + 6 + -8?
-6
What is the value of -6 + 5 + -4 - -1?
-4
What is 2 - (8 + -5 - 0) - 0?
-1
Calculate -3 - (-9 - -2) - (4 - -2).
-2
(0 - -12) + 2 - 10
4
What is the value of -9 + -1 + 10 - (0 + -5)?
5
-1 - (11 + -3 + -3 - 5)
-1
4 - ((6 - 4) + 4) - 4
-6
What is 1 + -6 + 0 - 0 - -6?
1
5 - (5 + 2 + 2)
-4
Evaluate (-9 - -7) + (5 - (-2 - -3)).
2
What is the value of 4 + (-4 + (2 - 4) - -6)?
4
What is 4 + (5 - 1 - (-4 - -12))?
0
Calculate 8 + -1 + -7 - 1.
-1
What is the value of -3 - (-2 - -3) - (0 - 2)?
-2
What is (-8 - -1) + (1 - (2 + -4))?
-4
What is 194 - 186 - (17 - -1)?
-10
Calculate -7 + 13 + -11 - -7.
2
Evaluate -15 + 10 + 12 + 1 + -6.
2
Evaluate (0 - -1 - -1) + 1 + 2.
5
Calculate -4 - (-2 + 2 + 3 - 2).
-5
What is 3 - (7 + -1) - 2?
-5
Evaluate (-7 - -2 - (43 - 47)) + -1.
-2
What is the value of 14 - (19 - 5) - (-4 - 1)?
5
Calculate 7 + (43 - 38) + -4 + -1.
7
(1 - (-4 - (-7 - 1))) + 2
-1
What is 2 - 3 - (5 - 3)?
-3
What is the value of 7 - 13 - -3 - (0 - 10)?
7
Calculate 8 - (5 - 7 - -4).
6
What is 2 - (1 + -2) - (8 + -6)?
1
Calculate 33 + -32 + (-3 + -3 - -2).
-3
Calculate -3 + 1 + -4 + 2 + 0.
-4
Evaluate (-3 - -8 - (3 + 0)) + -2.
0
Evaluate 4 - ((-1 - (-6 + 5)) + -4).
8
What is (9 - 16) + 14 - 10?
-3
What is the value of (-34 + 10 - -8) + 12?
-4
Evaluate 10 + (-15 - (-2 - -1)).
-4
Calculate -4 + (14 - 8) + 3.
5
Evaluate 6 + (-12 - (9 - 11)).
-4
0 - (3 - (-4 + 8) - 0)
1
-23 - -26 - (-2 + 1)
4
What is 13 + 2 + 1 + 25 + -31?
10
What is the value of 18 + 0 + -8 - 4?
6
What is 4 + (12 - (-3 + 20))?
-1
Evaluate -10 - (14 + -1 + -33).
10
Evaluate -7 - (-5 - (2 - 3)).
-3
-5 + (8 - (3 - 2))
2
Calculate -4 - (-1 - 2) - -4.
3
Calculate -79 - -84 - (4 - (-1 + 1)).
1
What is the value of 1 + 2 - (19 + (10 - 15))?
-11
-6 + (7 - (2 + -1 + -3))
3
(30 - 34) + (-1 - -10)
5
What is the value of (1 + (-8 - 3) - -5) + -1?
-6
What is the value of (4 - -2 - 8) + -3 - -8?
3
81 - 76 - (2 + (1 - 0))
2
Evaluate ((-2 - -8) + -4 - 0) + -2.
0
Calculate (4 - -7) + -6 - (3 + -1).
3
What is -6 + (6 + 1 + -10 - 0)?
-9
Calculate 5 + (10 - 10) + -7 + 4.
2
Evaluate (-7 - (-2 + 3)) + 5.
-3
Evaluate 31 + -37 - (-2 + -5 + 0).
1
What is the value of (2 - (2 + -2)) + -4?
-2
Calculate 0 + (-10 - -5) + 5.
0
Calculate -2 + 2 + (-3 - (3 + -2)).
-4
0 - (0 - 0) - -4
4
Evaluate (-8 - -2 - 8) + 2 - -3.
-9
What is (-18 - (-9 + 3)) + 7?
-5
(11 - 4 - 3) + -2 + -6
-4
3 + 2 + -11 - (-1 + -3)
-2
What is -10 + (15 - 9) - -10?
6
What is 3 + (-10 - (0 + -7))?
0
-11 + (1 - -4) + 5 + -4
-5
Evaluate -2 + (7 - 4) + -2 - 1.
-2
What is the value of -1 + (-7 - -5) - -9?
6
What is (6 - (-4 - -5)) + -5 + 1?
1
What is the value of (-8 - -25) + -9 + 0 + -6?
2
Calculate -7 - (-9 + 8 + -7).
1
1 + 0 + -5 + 1
-3
Evalu